{"id":48,"date":"2023-05-11T16:39:04","date_gmt":"2023-05-11T16:39:04","guid":{"rendered":"https:\/\/ene7.com.br\/index.php\/home-copy\/"},"modified":"2023-06-06T18:36:56","modified_gmt":"2023-06-06T18:36:56","slug":"servicos","status":"publish","type":"page","link":"https:\/\/ene7.com.br\/index.php\/servicos\/","title":{"rendered":"Servi\u00e7os"},"content":{"rendered":"<div class=\"brz-root__container brz-reset-all\">\n<section data-uid=\"vuvkdudxdqkdeqrsgswxaipjllwaksdrmapk\" id=\"home\" class=\"brz-section brz-css-zznff\">\n<div class=\"brz-section__content brz-section--boxed brz-css-ksxcu brz-css-sgthx\" data-custom-id=\"mplewgmjjuyygxhbtpqxjtszdefeiddtdsvb\">\n<div class=\"brz-bg overflow-hidden !z-auto absolute top-0 left-0 w-full h-full\">\n<div class=\"brz-bg-color absolute top-0 left-0 w-full h-full\"><\/div>\n<div class=\"brz-bg-shape w-full h-full absolute inset-x-0 bg-no-repeat pointer-events-none brz-bg-shape__bottom bottom-0 rotate-x-180 after:content-[&#x27;&#x27;] after:absolute after:w-full after:h-full after:top-0\"><\/div>\n<\/div>\n<div class=\"brz-container brz-css-orxuf\">\n<div class=\"brz-row__container brz-css-trhbh\" data-custom-id=\"bnkqvgzzuwcquynerfjfhlzhammxawbtwkhu\">\n<div class=\"brz-bg overflow-hidden !z-auto absolute top-0 left-0 w-full h-full\"><\/div>\n<div class=\"brz-row brz-css-idzql brz-css-ibwky\">\n<div class=\"brz-columns brz-css-yysde brz-css-tktcp\" data-custom-id=\"xxjqxkmnkakhleonhlvwnveunsyvbbqgspvs\">\n<div class=\"brz-bg overflow-hidden !z-auto absolute top-0 left-0 w-full h-full\"><\/div>\n<div class=\"brz-column__items brz-css-zmlfx brz-css-xdwfk\">\n<div class=\"brz-css-ccdid brz-wrapper\">\n<div class=\"brz-image brz-css-fpdsa\"><img decoding=\"async\" class=\"brz-img\" src=\"https:\/\/ene7.com.br\/wp-content\/uploads\/brizy\/imgs\/LogoN7-156x156x0x20x156x117x1683816830.jpg\" alt=\"\" loading=\"lazy\"><\/div>\n<\/div>\n<\/div>\n<\/div>\n<div class=\"brz-columns brz-css-yysde brz-css-yxiyu\" data-custom-id=\"jojsglkprccizkdulsmuncilxgfusnotpkel\">\n<div class=\"brz-bg overflow-hidden !z-auto absolute top-0 left-0 w-full h-full\"><\/div>\n<div class=\"brz-column__items brz-css-zmlfx brz-css-lwaog\">\n<div class=\"brz-wrapper-clone brz-css-sulqr brz-css-jcgcp\">\n<div class=\"brz-d-xs-flex brz-flex-xs-wrap brz-css-zltvk brz-css-jtngq\">\n<div class=\"brz-wrapper-clone__item brz-css-gwdhk brz-css-xmffq\" id=\"whgykhgaoaoemrbqcqyertlfcdljeypcndso\"><a class=\"brz-a brz-btn brz-css-llmyu brz-css-uwchz\" href=\"https:\/\/ene7.com.br\" data-brz-link-type=\"external\" data-custom-id=\"whgykhgaoaoemrbqcqyertlfcdljeypcndso\"><span class=\"brz-span brz-text__editor\">Home<\/span><\/a><\/div>\n<div class=\"brz-wrapper-clone__item brz-css-gwdhk brz-css-xmffq\" id=\"mnqvhgejwbypovnaktwnszrgeinfvgcdgkoj\"><a class=\"brz-a brz-btn brz-css-llmyu brz-css-hmipw\" href=\"https:\/\/ene7.com.br\/index.php\/servicos\/\" data-brz-link-type=\"external\" data-custom-id=\"mnqvhgejwbypovnaktwnszrgeinfvgcdgkoj\"><span class=\"brz-span brz-text__editor\">Servi\u00e7os<\/span><\/a><\/div>\n<div class=\"brz-wrapper-clone__item brz-css-gwdhk brz-css-xmffq\" id=\"tsafzvncpbllqmynsktydfikywklziabhpbg\"><a class=\"brz-a brz-anchor brz-btn brz-css-llmyu brz-css-fhhcq\" href=\"#gmmiwioluotlhvocckqcwysozvhduavvuzjp\" data-brz-link-type=\"anchor\" data-custom-id=\"tsafzvncpbllqmynsktydfikywklziabhpbg\"><span class=\"brz-span brz-text__editor\">Contato<\/span><\/a><\/div>\n<\/div>\n<\/div>\n<\/div>\n<\/div>\n<div class=\"brz-columns brz-css-yysde brz-css-grdtj\" data-custom-id=\"phluwsvxkhltawlngxbahyoxyfqeeiftegsy\">\n<div class=\"brz-bg overflow-hidden !z-auto absolute top-0 left-0 w-full h-full\"><\/div>\n<div class=\"brz-column__items brz-css-zmlfx brz-css-wulvd\"><\/div>\n<\/div>\n<\/div>\n<\/div>\n<div class=\"brz-css-ccdid brz-css-kjfrd brz-css-dwady brz-wrapper\">\n<div class=\"brz-spacer brz-css-avkcv brz-css-zhryy\"><\/div>\n<\/div>\n<div class=\"brz-row__container brz-css-trhbh brz-css-krymd\" data-custom-id=\"elvrldcegxzbthdptmumdciwmigxkywidppk\">\n<div class=\"brz-bg overflow-hidden !z-auto absolute top-0 left-0 w-full h-full\"><\/div>\n<div class=\"brz-row brz-css-idzql brz-css-ibwky\">\n<div data-iteration-count=\"1\" class=\"brz-columns brz-css-yysde brz-css-egurq brz-animated brz-css-qjpvu brz-css-duefz\" data-custom-id=\"gbhljiyiyrnkcuvwtbxfdemxkiynftpfmpwu\">\n<div class=\"brz-bg overflow-hidden !z-auto absolute top-0 left-0 w-full h-full\"><\/div>\n<div class=\"brz-column__items brz-css-zmlfx brz-css-ywqml\">\n<div class=\"brz-css-ccdid brz-css-dqfkx brz-wrapper\">\n<div class=\"brz-rich-text brz-rich-text__custom brz-css-cufpl\" data-custom-id=\"nocayujyzwovntpxhycaqpxavmsyvxxuepig\">\n<div>\n<p class=\"brz-css-ggwez\" data-generated-css=\"brz-css-iwtru\" data-uniq-id=\"sytxg\"><span class=\"brz-cp-color8\">A ene7 pode te ajudar com a contabilidade da sua empresa.<\/span><\/p>\n<\/div>\n<\/div>\n<\/div>\n<\/div>\n<\/div>\n<div data-iteration-count=\"1\" class=\"brz-columns brz-css-yysde brz-css-oszrk brz-animated brz-css-ljgei brz-css-nyoud\" data-custom-id=\"fembniqocqcbjslqduoiihwkabtvdzflknwt\">\n<div class=\"brz-bg overflow-hidden !z-auto absolute top-0 left-0 w-full h-full\"><\/div>\n<div class=\"brz-column__items brz-css-zmlfx brz-css-ngnvp\">\n<div class=\"brz-css-ccdid brz-css-lgkat brz-wrapper\">\n<div class=\"brz-image brz-css-hlwwf brz-css-tfsag\"><img decoding=\"async\" class=\"brz-img\" src=\"https:\/\/ene7.com.br\/wp-content\/uploads\/brizy\/imgs\/pexels-tima-miroshnichenko-6693661-scaled-e1683816486186-669x445x0x19x669x407x1683816486.jpg\" alt=\"\" loading=\"lazy\"><\/div>\n<\/div>\n<\/div>\n<\/div>\n<\/div>\n<\/div>\n<\/div>\n<\/div>\n<\/section>\n<section data-uid=\"ajyiffxkyuensereqqyldusjqdcqyjwajoxw\" id=\"Features\" class=\"brz-section brz-css-zznff\">\n<div class=\"brz-section__content brz-section--boxed brz-css-ksxcu brz-css-cqvxt\" data-custom-id=\"malephwroruwacryozrgfnmgiaocxgwiidvb\">\n<div class=\"brz-bg overflow-hidden !z-auto absolute top-0 left-0 w-full h-full\">\n<div class=\"brz-bg-shape w-full h-full absolute inset-x-0 bg-no-repeat pointer-events-none brz-bg-shape__bottom bottom-0 rotate-x-180 after:content-[&#x27;&#x27;] after:absolute after:w-full after:h-full after:top-0\"><\/div>\n<\/div>\n<div class=\"brz-container brz-css-orxuf\">\n<div class=\"brz-css-ccdid brz-css-ymihl brz-wrapper\">\n<div class=\"brz-rich-text brz-rich-text__custom brz-css-cufpl\" data-custom-id=\"evcgycwgnwwdsnzlcuaxyguzjkelhjwewfsu\">\n<div>\n<p class=\"brz-css-skwys\" data-generated-css=\"brz-css-tmqye\" data-uniq-id=\"uyssg\"><span class=\"brz-cp-color2\">Servi\u00e7os<\/span><\/p>\n<\/div>\n<\/div>\n<\/div>\n<div class=\"brz-css-ccdid brz-wrapper\">\n<div class=\"brz-rich-text brz-rich-text__custom brz-css-cufpl\" data-custom-id=\"aiusfyielinswyyqnukpnlcawqqdjgrhlplg\">\n<div>\n<p class=\"brz-css-wohvv\" data-generated-css=\"brz-css-yhjnm\" data-uniq-id=\"squgt\"><span class=\"brz-cp-color7\">Oferecemos solu\u00e7\u00f5es completas para o seu neg\u00f3cio<\/span><\/p>\n<\/div>\n<\/div>\n<\/div>\n<div class=\"brz-css-ccdid brz-css-kjfrd brz-css-kewkg brz-wrapper\">\n<div class=\"brz-spacer brz-css-avkcv brz-css-rbeby\"><\/div>\n<\/div>\n<div class=\"brz-row__container brz-css-trhbh\" data-custom-id=\"eadgmetkudmvmlcdsavyljvyzqchjovzvkzx\">\n<div class=\"brz-bg overflow-hidden !z-auto absolute top-0 left-0 w-full h-full\"><\/div>\n<div class=\"brz-row brz-css-idzql brz-css-ibwky\">\n<div class=\"brz-columns brz-css-yysde brz-css-xorrl\" data-custom-id=\"ycdfcukejcnxplpqjtqifvzyyvtjxajnyhwo\">\n<div class=\"brz-column__items brz-css-zmlfx brz-css-melyt\">\n<div class=\"brz-css-ccdid brz-wrapper\">\n<div class=\"brz-image brz-css-pjbox\"><img decoding=\"async\" class=\"brz-img\" src=\"https:\/\/ene7.com.br\/wp-content\/uploads\/brizy\/imgs\/31a92baf44f001c32c22a441cd023d54-249x201x0x0x249x201x1683816183.png\" alt=\"\" loading=\"lazy\"><\/div>\n<\/div>\n<div class=\"brz-css-ccdid brz-css-ifqmo brz-wrapper\">\n<div class=\"brz-rich-text brz-rich-text__custom brz-css-cufpl\" data-custom-id=\"wiaefvfrcrmduquliedlvtputxkbdmnfhpez\">\n<div>\n<ul>\n<li class=\"brz-css-iagcq\" data-generated-css=\"brz-css-bkivr\" data-uniq-id=\"kfxps\"><span class=\"brz-cp-color2\">Assessoria Empresarial<\/span><\/li>\n<li class=\"brz-css-ylxsm\" data-generated-css=\"brz-css-jfnzd\" data-uniq-id=\"qzrrm\"><strong class=\"brz-cp-color2\">Consultoria Cont\u00e1bil, Fiscal, Tributaria Trabalhista e Societ\u00e1ria.<\/strong><\/li>\n<li class=\"brz-css-fwsqb\" data-generated-css=\"brz-css-xqiou\" data-uniq-id=\"edtuo\"><strong class=\"brz-cp-color2\">Abertura, Encerramento, Regulariza\u00e7\u00e3o e Altera\u00e7\u00e3o de Empresas<\/strong><\/li>\n<li class=\"brz-css-ihsiw\" data-generated-css=\"brz-css-yzfwj\" data-uniq-id=\"rscuw\"><strong class=\"brz-cp-color2\">Auditoria Corporativa<\/strong><\/li>\n<li class=\"brz-css-bxehk\" data-generated-css=\"brz-css-jixpt\" data-uniq-id=\"kvrcc\"><strong class=\"brz-cp-color2\">Declara\u00e7\u00e3o de IR &#8211; Pessoa Jur\u00eddica e Pessoa F\u00edsica<\/strong><\/li>\n<li class=\"brz-css-xbohm\" data-generated-css=\"brz-css-wotqk\" data-uniq-id=\"zszkw\"><strong class=\"brz-cp-color2\">Jur\u00eddico<\/strong><\/li>\n<\/ul>\n<\/div>\n<\/div>\n<\/div>\n<\/div>\n<\/div>\n<\/div>\n<\/div>\n<div class=\"brz-css-ccdid brz-css-kjfrd brz-wrapper\">\n<div class=\"brz-spacer brz-css-avkcv brz-css-uovgh\"><\/div>\n<\/div>\n<\/div>\n<\/div>\n<\/section>\n<section data-uid=\"gmmiwioluotlhvocckqcwysozvhduavvuzjp\" id=\"gmmiwioluotlhvocckqcwysozvhduavvuzjp\" class=\"brz-section brz-css-zznff\">\n<div class=\"brz-section__content brz-section--boxed brz-css-ksxcu brz-css-xxgbc\" data-custom-id=\"javpeodqqwaemgqiijuyuulksxejlmiddjgk\">\n<div class=\"brz-bg overflow-hidden !z-auto absolute top-0 left-0 w-full h-full\">\n<div class=\"brz-bg-color absolute top-0 left-0 w-full h-full\"><\/div>\n<\/div>\n<div class=\"brz-container brz-css-orxuf\">\n<div class=\"brz-css-ccdid brz-css-hevwj brz-wrapper\">\n<div class=\"brz-rich-text brz-rich-text__custom brz-css-cufpl\" data-custom-id=\"qnhhbfnwyrzvemhwdckjhhjttidrkaifrnyz\">\n<div>\n<h2 class=\"brz-css-qvmcb\" data-uniq-id=\"ycqil\" data-generated-css=\"brz-css-iqelr\"><span class=\"brz-cp-color2\">Entre em contato<\/span><\/h2>\n<\/div>\n<\/div>\n<\/div>\n<div class=\"brz-css-ccdid brz-css-kjfrd brz-css-iguus brz-wrapper\">\n<div class=\"brz-spacer brz-css-avkcv brz-css-oumkb\"><\/div>\n<\/div>\n<div class=\"brz-css-ccdid brz-wrapper\">\n<div class=\"brz-rich-text brz-rich-text__custom brz-css-cufpl\" data-custom-id=\"cylsowatwhnesawtdpvkpfotpdcrqbbaxeaq\">\n<div>\n<p class=\"brz-css-xvoxt\" data-generated-css=\"brz-css-vytqc\" data-uniq-id=\"klcdd\"><span class=\"brz-cp-color7\">Av. Campos Sales, 578 &#8211; Vila Jones, Americana &#8211; SP, 13465-590<\/span><\/p>\n<\/div>\n<\/div>\n<\/div>\n<div class=\"brz-css-ccdid brz-css-kjfrd brz-css-vunjv brz-wrapper\">\n<div class=\"brz-spacer brz-css-avkcv brz-css-uymwx\"><\/div>\n<\/div>\n<div class=\"brz-row__container brz-css-trhbh\" data-custom-id=\"ljnjplzsujospxcdrrldpcxbwgaiwveyzypk\">\n<div class=\"brz-bg overflow-hidden !z-auto absolute top-0 left-0 w-full h-full\"><\/div>\n<div class=\"brz-row brz-css-idzql brz-css-ibwky\">\n<div class=\"brz-columns brz-css-yysde\" data-custom-id=\"smjnemcfobccjxdsjnpbvocywrrunwqqfzzv\">\n<div class=\"brz-bg overflow-hidden !z-auto absolute top-0 left-0 w-full h-full\"><\/div>\n<div class=\"brz-column__items brz-css-zmlfx\">\n<div class=\"brz-css-ccdid brz-css-bgvfp brz-wrapper\">\n<div class=\"brz-map brz-css-oondb brz-css-fkhqp\" data-custom-id=\"mzkumdlzzgwgyikxxbhugwscqfllybkhdygs\">\n<div class=\"brz-map-content\"><\/div>\n<\/div>\n<\/div>\n<\/div>\n<\/div>\n<div class=\"brz-columns brz-css-yysde\" data-custom-id=\"peosivpewfybqyolvlksaveiqhmdwopnenri\">\n<div class=\"brz-bg overflow-hidden !z-auto absolute top-0 left-0 w-full h-full\"><\/div>\n<div class=\"brz-column__items brz-css-zmlfx brz-css-ewzpt\">\n<div class=\"brz-css-ccdid brz-wrapper\">\n<div data-form-version=\"2\" class=\"brz-forms2 brz-css-lqurl brz-css-spiwn\" data-custom-id=\"nsvnkigdgvjwfmrybousvzhfvsqurcnndyqn\">\n<div class=\"brz-forms2__item brz-css-aclkf brz-css-guavz brz-css-xmlde\"><\/div>\n<div class=\"brz-forms2__item brz-css-aclkf brz-css-guavz brz-css-xmlde\"><\/div>\n<div class=\"brz-forms2__item brz-css-aclkf brz-css-guavz brz-css-xmlde\"><\/div>\n<div class=\"brz-forms2__item brz-css-aclkf brz-css-guavz brz-css-xmlde brz-css-gneqz\"><textarea id=\"akouqjhliybsxosfajvmkibkjzsmwcjqkgdb\" name=\"aqtnbgxqqlazyhhyenmgzginqrpyaqcxshot\" data-type=\"Paragraph\" data-label=\"Mensagem\" data-placeholder=\"Mensagem\" class=\"brz-textarea brz-forms2__field brz-forms2__field-paragraph\"><\/textarea><\/div>\n<div class=\"brz-forms2 brz-forms2__item brz-forms2__item-button\" data-custom-id=\"nsvnkigdgvjwfmrybousvzhfvsqurcnndyqn\"><button id class=\"brz-btn brz-btn-submit brz-css-llmyu brz-css-ykecs\" data-custom-id=\"hfoppilrujnmgwzvfhwiztrudmpoovfiyecr\"> <span class=\"brz-span brz-text__editor\">ENVIAR<\/span><\/button>    !function(){function t(t){this.element=t,this.animationId,this.start=null,this.init()}if(!window.requestAnimationFrame){var i=null;window.requestAnimationFrame=function(t,n){var e=(new Date).getTime();i||(i=e);var a=Math.max(0,16-(e-i)),o=window.setTimeout(function(){t(e+a)},a);return i=e+a,o}}t.prototype.init=function(){var t=this;this.animationId=window.requestAnimationFrame(t.triggerAnimation.bind(t))},t.prototype.reset=function(){var t=this;window.cancelAnimationFrame(t.animationId)},t.prototype.triggerAnimation=function(t){var i=this;this.start||(this.start=t);var n=t-this.start;504&gt;n||(this.start=this.start+504),this.element.setAttribute(&#8220;transform&#8221;,&#8221;rotate(&#8220;+Math.min(n\/1.4,360)+&#8221; 12 12)&#8221;);if(document.documentElement.contains(this.element))window.requestAnimationFrame(i.triggerAnimation.bind(i))};var n=document.getElementsByClassName(&#8220;nc-loop_circle-02-24&#8221;),e=[];if(n)for(var a=0;n.length&gt;a;a++)!function(i){e.push(new t(n[i]))}(a);document.addEventListener(&#8220;visibilitychange&#8221;,function(){&#8220;hidden&#8221;==document.visibilityState?e.forEach(function(t){t.reset()}):e.forEach(function(t){t.init()})})}();<\/div>\n<\/div>\n<\/div>\n<\/div>\n<\/div>\n<\/div>\n<\/div>\n<\/div>\n<\/div>\n<\/section>\n<section data-uid=\"tvwafuppbfdcsxkfnsjemebywfegxpzjimgt\" id=\"pricing\" class=\"brz-section brz-css-zznff\">\n<div class=\"brz-section__content brz-section--boxed brz-css-ksxcu brz-css-mgjmo\" data-custom-id=\"eqwschoefmzajldkmozzeaceayshaanhujuh\">\n<div class=\"brz-bg overflow-hidden !z-auto absolute top-0 left-0 w-full h-full\">\n<div class=\"brz-bg-color absolute top-0 left-0 w-full h-full\"><\/div>\n<div class=\"brz-bg-shape w-full h-full absolute inset-x-0 bg-no-repeat pointer-events-none brz-bg-shape__top top-0 after:content-[&#x27;&#x27;] after:absolute after:w-full after:h-full after:top-0\"><\/div>\n<\/div>\n<div class=\"brz-container brz-css-orxuf\">\n<div class=\"brz-css-ccdid brz-wrapper\">\n<div class=\"brz-line brz-line-default brz-css-hjyxb brz-css-ibkhf\" data-custom-id=\"szigzyphmerbwnhohqcwjaavfdydyyhqxgjl\">\n<hr class=\"brz-hr\"><\/div>\n<\/div>\n<div class=\"brz-css-ccdid brz-css-kjfrd brz-css-aogss brz-wrapper\">\n<div class=\"brz-spacer brz-css-avkcv brz-css-hwwwa\"><\/div>\n<\/div>\n<div class=\"brz-row__container brz-css-trhbh\" data-custom-id=\"hnypovfmqyivntimqxcypceqkezklrzsahdu\">\n<div class=\"brz-bg overflow-hidden !z-auto absolute top-0 left-0 w-full h-full\"><\/div>\n<div class=\"brz-row brz-css-idzql brz-css-ibwky\">\n<div class=\"brz-columns brz-css-yysde brz-css-prglp\" data-custom-id=\"megolbtevfxmsttchjjnunchxzbdjvdavqfl\">\n<div class=\"brz-column__items brz-css-zmlfx brz-css-bnufo\">\n<div class=\"brz-css-ccdid brz-wrapper\">\n<div class=\"brz-image brz-css-xgcbf\"><img decoding=\"async\" class=\"brz-img\" src=\"https:\/\/ene7.com.br\/wp-content\/uploads\/brizy\/imgs\/LogoN7-180x180x0x22x180x135x1683816830.jpg\" alt=\"\" loading=\"lazy\"><\/div>\n<\/div>\n<\/div>\n<\/div>\n<div class=\"brz-columns brz-css-yysde brz-css-epaem\" data-custom-id=\"espiwrolmdhkigkcjlgnkxeijrjkdtbxsgho\">\n<div class=\"brz-bg overflow-hidden !z-auto absolute top-0 left-0 w-full h-full\"><\/div>\n<div class=\"brz-column__items brz-css-zmlfx brz-css-mdqfc\">\n<div class=\"brz-wrapper-clone brz-css-sulqr\">\n<div class=\"brz-d-xs-flex brz-flex-xs-wrap brz-css-zltvk brz-css-sbbln\">\n<div class=\"brz-wrapper-clone__item brz-css-gwdhk brz-css-rdxtj\" id=\"uerspunobsngjmbonhmowghkvsajbaosyhjt\"><a class=\"brz-a brz-btn brz-css-llmyu brz-css-ikfor\" href=\"https:\/\/ene7.com.br\" data-brz-link-type=\"external\" data-custom-id=\"uerspunobsngjmbonhmowghkvsajbaosyhjt\"><span class=\"brz-span brz-text__editor\">Home<\/span><\/a><\/div>\n<div class=\"brz-wrapper-clone__item brz-css-gwdhk brz-css-rdxtj\" id=\"ryrxtlrsgtvqbplrxgtgbjlxbpfflltkggga\"><a class=\"brz-a brz-anchor brz-btn brz-css-llmyu brz-css-ltahg\" href=\"#lzizwrlujbcalzpzfoxqyyuioibwtrxfosgi\" data-brz-link-type=\"anchor\" data-custom-id=\"ryrxtlrsgtvqbplrxgtgbjlxbpfflltkggga\"><span class=\"brz-span brz-text__editor\">Servi\u00e7os<\/span><\/a><\/div>\n<div class=\"brz-wrapper-clone__item brz-css-gwdhk brz-css-rdxtj\" id=\"ktoklmtihattvsgkxttueacyibusqadjpret\"><a class=\"brz-a brz-anchor brz-btn brz-css-llmyu brz-css-xpzga\" href=\"#gmmiwioluotlhvocckqcwysozvhduavvuzjp\" data-brz-link-type=\"anchor\" data-custom-id=\"ktoklmtihattvsgkxttueacyibusqadjpret\"><span class=\"brz-span brz-text__editor\">Contato<\/span><\/a><\/div>\n<\/div>\n<\/div>\n<\/div>\n<\/div>\n<div class=\"brz-columns brz-css-yysde brz-css-ilhci\" data-custom-id=\"xhxfrhfczxvrurlzeoaymujutjshxyinareh\">\n<div class=\"brz-bg overflow-hidden !z-auto absolute top-0 left-0 w-full h-full\"><\/div>\n<div class=\"brz-column__items brz-css-zmlfx brz-css-vimsx\">\n<div class=\"brz-wrapper-clone brz-css-sulqr\">\n<div class=\"brz-d-xs-flex brz-flex-xs-wrap brz-css-zltvk brz-css-hjjdr\">\n<div class=\"brz-wrapper-clone__item brz-css-gwdhk brz-css-uvdls\" id=\"zjyfrwoimszkhetwuuhgvpjmrfkwlbjkjbvw\">\n<div class=\"brz-icon__container\" data-custom-id=\"zjyfrwoimszkhetwuuhgvpjmrfkwlbjkjbvw\"><span class=\"brz-icon brz-span brz-css-yrpnx brz-css-dbntm\"><\/span><\/div>\n<\/div>\n<div class=\"brz-wrapper-clone__item brz-css-gwdhk brz-css-uvdls\" id=\"mflukfqovcjmbgtuopgkbdwmdpyxkxltxnjn\">\n<div class=\"brz-icon__container\" data-custom-id=\"mflukfqovcjmbgtuopgkbdwmdpyxkxltxnjn\"><span class=\"brz-icon brz-span brz-css-yrpnx brz-css-jgthu\"><\/span><\/div>\n<\/div>\n<div class=\"brz-wrapper-clone__item brz-css-gwdhk brz-css-uvdls\" id=\"bncwywxakxspauuzfesqpirjgeoaorrxccod\">\n<div class=\"brz-icon__container\" data-custom-id=\"bncwywxakxspauuzfesqpirjgeoaorrxccod\"><span class=\"brz-icon brz-span brz-css-yrpnx brz-css-bcbcc\"><\/span><\/div>\n<\/div>\n<\/div>\n<\/div>\n<\/div>\n<\/div>\n<\/div>\n<\/div>\n<div class=\"brz-css-ccdid brz-wrapper\">\n<div class=\"brz-line brz-line-default brz-css-hjyxb brz-css-ufswe\" data-custom-id=\"rmrcgqpyjowbvrbynugvvbjorsxubbvlufrl\">\n<hr class=\"brz-hr\"><\/div>\n<\/div>\n<div class=\"brz-css-ccdid brz-css-laeqq brz-wrapper\">\n<div class=\"brz-rich-text brz-rich-text__custom brz-css-cufpl\" data-custom-id=\"ykwytaodshixulgqmhhxpfptnnspxpbsaocv\">\n<div>\n<p class=\"brz-css-rkqyj\" data-uniq-id=\"fvbfo\" data-generated-css=\"brz-css-rvrvb\"><span class=\"brz-cp-color6\">Todos os Direitos Reservados a Ene7 Solu\u00e7\u00f5es Empresariais&nbsp;|&nbsp;\u00a9 Desenvolvido por <\/span><a href=\"https:\/\/inventdigital.com.br\" target=\"_blank\" class=\"brz-cp-color6 link--external\" data-brz-link-type=\"external\" rel=\"noopener\">Invent Digital<\/a><\/p>\n<\/div>\n<\/div>\n<\/div>\n<\/div>\n<\/div>\n<\/section>\n<\/div>\n<p>    <!-- version:1686076616 --><\/p>\n","protected":false},"excerpt":{"rendered":"<p>Home Servi\u00e7os Contato A ene7 pode te ajudar com a contabilidade da sua empresa. Servi\u00e7os Oferecemos solu\u00e7\u00f5es completas para o seu neg\u00f3cio Assessoria Empresarial Consultoria Cont\u00e1bil, Fiscal, Tributaria Trabalhista e Societ\u00e1ria. Abertura, Encerramento, Regulariza\u00e7\u00e3o e Altera\u00e7\u00e3o de Empresas Auditoria Corporativa Declara\u00e7\u00e3o de IR &#8211; Pessoa Jur\u00eddica e Pessoa F\u00edsica Jur\u00eddico Entre em contato Av. Campos&hellip; <a class=\"more-link\" href=\"https:\/\/ene7.com.br\/index.php\/servicos\/\">Continuar lendo <span class=\"screen-reader-text\">Servi\u00e7os<\/span><\/a><\/p>\n","protected":false},"author":1,"featured_media":0,"parent":0,"menu_order":0,"comment_status":"closed","ping_status":"closed","template":"brizy-blank-template.php","meta":{"footnotes":""},"class_list":["post-48","page","type-page","status-publish","hentry","entry"],"_links":{"self":[{"href":"https:\/\/ene7.com.br\/index.php\/wp-json\/wp\/v2\/pages\/48","targetHints":{"allow":["GET"]}}],"collection":[{"href":"https:\/\/ene7.com.br\/index.php\/wp-json\/wp\/v2\/pages"}],"about":[{"href":"https:\/\/ene7.com.br\/index.php\/wp-json\/wp\/v2\/types\/page"}],"author":[{"embeddable":true,"href":"https:\/\/ene7.com.br\/index.php\/wp-json\/wp\/v2\/users\/1"}],"replies":[{"embeddable":true,"href":"https:\/\/ene7.com.br\/index.php\/wp-json\/wp\/v2\/comments?post=48"}],"version-history":[{"count":4,"href":"https:\/\/ene7.com.br\/index.php\/wp-json\/wp\/v2\/pages\/48\/revisions"}],"predecessor-version":[{"id":77,"href":"https:\/\/ene7.com.br\/index.php\/wp-json\/wp\/v2\/pages\/48\/revisions\/77"}],"wp:attachment":[{"href":"https:\/\/ene7.com.br\/index.php\/wp-json\/wp\/v2\/media?parent=48"}],"curies":[{"name":"wp","href":"https:\/\/api.w.org\/{rel}","templated":true}]}}